 Let f = p + -335. List the prime factors of f.
167
What are the prime factors of (34 - 33)/(1/(1 - -277))?
2, 139
Suppose u + 0*u = 0. Suppose 10*x - 6*x - 8 = u. Suppose 5 = -5*q, -x*j - q + 10 = -j. List the prime factors of j.
11
What are the prime factors of -10*(1685/(-110) - 6/33)?
5, 31
Let f(t) = -10*t + 2. Let x be f(2). Let z be ((-34)/10 + -7)/(1/(-5)). Let v = x + z. What are the prime factors of v?
2, 17
Suppose -5*d + d = -4*s - 7088, 4*d + 4*s = 7072. List the prime factors of d.
2, 3, 5, 59
Let a(l) = -77*l + 162. List the prime factors of a(-6).
2, 3, 13
Suppose -46 - 12 = 2*h. Let d be (-2)/1 - (h + 2). Suppose 5*i = w + d, -5*i - 4*w = -0*w. What are the prime factors of i?
2
Let z be (1 - 89)/(-1) - 1. Let p = z - 54. Suppose s = -1 + p. List the prime factors of s.
2
Suppose -y = 3*c - 3*y - 857, 5*c - 1407 = -2*y. What are the prime factors of c?
283
Let f(b) = b**3 + 9*b**2 - 13*b - 5. Let a be ((-24)/42)/((-2)/7). Suppose 2*g + a*g = -40. What are the prime factors of f(g)?
5
Let u = 1512 - 942. List the prime factors of u.
2, 3, 5, 19
Let o be -2 - ((1 - 1) + 35). Let q = 5 + o. Let s = 6 - q. List the prime factors of s.
2, 19
Let b(a) = 504*a - 467. What are the prime factors of b(5)?
2053
Let v = 5275 - 2508. What are the prime factors of v?
2767
Let n(x) = -2*x + 53. Let l be n(22). Suppose -8*y + l*y - 43 = 0. What are the prime factors of y?
43
List the prime factors of 56/60*5*27.
2, 3, 7
Let x(b) = b - 2. Let c be x(4). Suppose g = c*g - 24. List the prime factors of g.
2, 3
Suppose 2*k - 5*b + 10*b - 1142 = 0, 2*k + b = 1150. List the prime factors of k.
2, 3
Suppose 2*a = -5*a + 14. What are the prime factors of 10*a*(8 - 2)?
2, 3, 5
Suppose 13*r + 30 + 22 = 0. Let k = r - -72. List the prime factors of k.
2, 17
Suppose 0 = -z + 3*z + 4*v + 8, 2*z + 44 = 5*v. List the prime factors of (-12)/(-8)*(-736)/z.
2, 23
Let k(f) = -f - 1. Let g be k(-3). Let t(s) = 14 - g*s - 4*s + 3*s + s. List the prime factors of t(-7).
2, 7
Let p(s) = -s**2 - 5*s + 1. Let q be p(-7). Let l = q + 7. What are the prime factors of ((-1)/(-2))/((-1)/l)?
3
Let t = -1498 + 2584. Suppose 4*i + 2*f - 856 = 6*f, 0 = -5*i + f + t. List the prime factors of i.
2, 109
Let c(j) = 2*j**2 - 3*j + 3. Suppose 5*o + 31 = 3*b, -o + 12 = b - 3*o. Let y be c(b). Suppose y*k + 57 = 4*l - 31, 4*l - 84 = 4*k. List the prime factors of l.
17
Let n(f) = f**3 + 6*f**2 - 3*f - 9. Let b be n(-6). Let c(h) = h - 9. Let o be c(b). Let t = 16 + o. What are the prime factors of t?
2
Let v = -1654 - -5105. List the prime factors of v.
7, 17, 29
Let v(j) = -2*j**3 - 6*j - 2 + 0*j**3 + 3*j - 4*j**2 + j. What are the prime factors of v(-4)?
2, 5, 7
Let y(p) = 2*p**2. Let b be y(1). Let s(k) = k**2 - 2*k**b + 3 + 12 - 1 + k. What are the prime factors of s(0)?
2, 7
Let w be (-8)/5*45/6. Let q(u) = u**3 + 11*u**2 - 18*u - 24. What are the prime factors of q(w)?
2, 3
What are the prime factors of ((-2792)/(-3))/((-222)/(-999))?
2, 3, 349
Let a(u) be the third derivative of -u**4/12 + 31*u**3/3 - 21*u**2. List the prime factors of a(-20).
2, 3, 17
What are the prime factors of -3 - (-530)/3*(-18 - -21)?
17, 31
Suppose -7*w + 8*w + 5 = 0. Let g = 1 - w. Suppose 0 = -4*u + g - 22, -4*u + 64 = 5*z. What are the prime factors of z?
2
Let a(u) = -u - 3. Let r be a(-5). Suppose -5 = -5*c, -r*c + 3 + 9 = 5*p. Let n = 8 - p. What are the prime factors of n?
2, 3
Let h(w) be the third derivative of -w**6/120 - 2*w**5/15 - 5*w**4/24 + 5*w**3/6 - 21*w**2. What are the prime factors of h(-8)?
3, 5
Suppose 1011 + 7981 = 16*r. List the prime factors of r.
2, 281
Suppose 0 = -3*d - 0*d + 24. Let y be 312/d + 2*1. Let l = y - 20. List the prime factors of l.
3, 7
Let l(f) = -f**3 - 5*f**2 + f + 7. Let b be l(-5). Suppose -6*p + b*p = 0. List the prime factors of 27 + (p - -4) - -3.
2, 17
Let z(x) = x**3 - x**2 - 1. Let i(l) = 6*l**3 - 16*l**2 + 12*l - 1. Let f(n) = i(n) - 5*z(n). Let k = 36 - 26. List the prime factors of f(k).
2, 3
Let v(b) = b**3 - 4*b**2 + 8*b - 3. Let d = 29 - 23. Let j be v(d). Let k = j + -64. List the prime factors of k.
53
Suppose r = -5*k + 8*k + 1581, -5*r = -2*k - 7892. List the prime factors of r.
2, 3, 263
Let l be -3*1*236/(-12). Let j = l - -65. List the prime factors of j.
2, 31
Let y(t) = -t**3 - 9*t - t - 16*t**2 + 6*t**2 + 5. Let d be y(-9). Suppose 5*v - 3*w = d, -4*w + w + 6 = 0. What are the prime factors of v?
2
Let l = 19 - 19. Suppose l*q - 13 = -q. List the prime factors of q.
13
Let r be 35/(-1) + -1 + -2. Let d = r - -132. What are the prime factors of d?
2, 47
Let a = 28 + -24. Suppose -a*i + 6*i - 224 = 0. What are the prime factors of i?
2, 7
Suppose 5*o + 4*y - 1401 = 0, -3*o = -y - y - 845. What are the prime factors of o?
281
Suppose -2*g = 8*g - 20. Suppose -2*j - g*q = -140, 0 = 4*j + 2*q - 4*q - 274. List the prime factors of j.
3, 23
What are the prime factors of (1818/(-72))/(1/(-8))?
2, 101
Let g(i) = -101*i**3 - 4*i**2 - 4*i - 7. List the prime factors of g(-3).
2, 337
Suppose 9*h - 8403 = -843. What are the prime factors of (2/5)/(4/h) - -1?
5, 17
Suppose 61 = -2*a + 199. Let w = a - 58. What are the prime factors of w?
11
Suppose 2*b + 4*z = 1034, -5*b + 2*b + 1511 = -2*z. Suppose -b = -4*f - 63. List the prime factors of f.
3, 37
Suppose -7*s = -29 + 8. Suppose s*g - 271 = -2*b, -253 = -5*b + 2*g + 434. What are the prime factors of b?
137
What are the prime factors of 6 + 256/(-40) - (-13514)/10?
7, 193
Let n be 3 - 2/(-6)*3. Suppose 5*b - 151 - 4 = d, b + n*d - 10 = 0. What are the prime factors of b?
2, 3, 5
Let p(s) = s**2 - 2*s - 2. Let m be p(-5). Let b = m - -80. What are the prime factors of b?
113
Let f = 15 + 145. What are the prime factors of f?
2, 5
Let h(f) = 6*f + 57. Let m be h(-9). List the prime factors of (2/m)/(3/99).
2, 11
Let b = -13 + 17. Let u be (-2 + 134)*4/b. What are the prime factors of ((-2)/4)/((-2)/u)?
3, 11
Let b = 1454 - 822. What are the prime factors of b?
2, 79
Suppose 13*q - 1528 = -u + 10*q, 2*q - 7705 = -5*u. List the prime factors of u.
1543
Suppose -38 = -2*d + 54. What are the prime factors of (-16 + 34)*d/4?
3, 23
Let o(y) be the first derivative of -3*y**2 - 7*y - 6. Let r(c) = -5*c. Let q be r(1). List the prime factors of o(q).
23
Suppose 47*h - 42*h = 3080. List the prime factors of h.
2, 7, 11
Let z be 1/(1*(-4)/16). Let o(d) = d**3 + 5*d**2 + d + 1. Let r be o(z). List the prime factors of (-2)/r + (-1215)/(-39).
31
List the prime factors of 4/((-28)/(-1903)) - (-3)/21.
2, 17
Let i be 3/(-7) - (-11118)/21. Suppose -3*c + 9 = 0, a - 5*a + i = -5*c. What are the prime factors of a?
2, 17
Suppose 14012 = 4*n - 211*w + 215*w, 5*n - 17539 = 3*w. What are the prime factors of n?
2, 1753
Suppose -c + 7*c + 0*c = 0. List the prime factors of 26/2 - (c + -2).
3, 5
Let w be 12/(-18)*9/(-2). Suppose -50 = -l + w*i, -4*i = -5*l + 2*l + 170. List the prime factors of l.
2, 31
Let z(n) = -n**2 - 2*n + 12. Let j be z(-5). Let p(s) = -8*s + 4. What are the prime factors of p(j)?
2, 7
Let s = 806 + 54. List the prime factors of s.
2, 5, 43
Let j be (-6 - -8)*(-6)/(-4). Suppose 0 = j*k + 4*w + 88, -5*k + 0*w + 2*w = 190. List the prime factors of ((-27)/k)/((-1)/(-72)).
2, 3
Suppose -3*m - 6 = 2*m - h, 4*m - 2*h = -6. Let j be (m - 0)*(37 + 3). Let g = 85 + j. List the prime factors of g.
3, 5
Let h be ((-8)/(-1) + -1)/(-1). Let f = 7 + h. Suppose f*r = 2*r - 18. What are the prime factors of r?
3
Let r(u) = 4*u**3 - 4*u**2 - 8*u + 22. Let m be r(6). List the prime factors of ((-54)/12 - -5)/(1/m).
347
Suppose -7*a = -10382 - 23309. What are the prime factors of a?
4813
Suppose 5*d + 941 = z + 7*d, 3*z = -4*d + 2833. List the prime factors of z.
3, 317
Let o(u) = -u**3 + 9*u**2 + 9*u + 8. Let w be o(10). What are the prime factors of ((-175)/(-28))/(w/(-48))?
2, 3, 5
Let z(l) = -l**3 + 5*l**2 - 4*l + 2. Let b be z(2). Let u = 43 + -41. Suppose b - 90 = -u*y - 4*g, 3*g = -4*y + 148. List the prime factors of y.
2, 17
Let r be ((-2)/(-5))/((-10)/(-300)). Suppose 9*n = r*n - 153. What are the prime factors of n?
3, 17
Suppose -l - l - 1324 = -4*b, 5*b - 1656 = 2*l. What are the prime factors of b?
2, 83
Suppose -3240 + 25048 = 16*n. What are the prime factors of n?
29, 47
Let n = -1166 - -2095